 1 - 74 = 0, -3*n = 2*s - 78. What is the remainder when n is divided by 6?
4
Suppose 0 = 10*v - 8*v - 24. What is the remainder when 35 is divided by v?
11
Let c = 4 - 3. Suppose 2*n + c = 3*n. What is the remainder when n is divided by 1?
0
Suppose -m = 5*x + 65, 3*x + m - 26 = 5*x. Let i = x + 22. Suppose -5*s + 6*s = 15. What is the remainder when s is divided by i?
6
Let c(a) = 13*a**2 - a. Let i(b) = -b**3 - 3*b**2 + 4*b + 1. Let p be i(-4). What is the remainder when 22 is divided by c(p)?
10
What is the remainder when 44 is divided by (-141)/(-9) - (-3)/9?
12
Let a be 9/6 + 47/2. Suppose 3*z = -p + a, -2*p - 20 = -4*z - 0*p. Suppose -j = -z - 8. What is the remainder when 57 is divided by j?
12
Suppose -5*t + 17 = j, 3*j + 7 = -2. Suppose -t*s + 553 = -91. Let q = -99 + s. Calculate the remainder when q is divided by 21.
20
Suppose 4*r + 7*s - 2*s = -134, 3*r - 5*s = -118. Let p = 1 - r. Suppose 2*h + 38 = 4*h. What is the remainder when p is divided by h?
18
Let s = -10 - -2. Let k be (-6)/s + 6/(-8). Let p(i) = -i**2 - i + 2. Calculate the remainder when 2 is divided by p(k).
0
Let j = -9 - -13. Let f be 2/j*0/(-1). Suppose 50 = 2*w - f. Calculate the remainder when w is divided by 13.
12
Calculate the remainder when (-3)/(-15) + (-538)/(-10) is divided by 19.
16
Suppose i = 5*q - 2*i, -2*i = 3*q. Suppose q*t + t = 5. Suppose 0 = -t*k + 31 - 6. What is the remainder when 17 is divided by k?
2
Let v = 5 + -3. What is the remainder when v - (-25 + (-3)/(-3)) is divided by 14?
12
Suppose 2*h + 2*c - 11 = c, 2*h + 5*c = -9. Calculate the remainder when 38 is divided by h.
6
Let n(i) = i**2 + 17*i + 56. What is the remainder when n(-14) is divided by 11?
3
Let f = -10 + 19. Let z = -24 + -1. Let q = z + 49. What is the remainder when q is divided by f?
6
Suppose 88 = 3*k - 278. What is the remainder when k is divided by 25?
22
Let z(m) = 2*m + 9. Calculate the remainder when z(5) is divided by 7.
5
Let z be -2 - (5 + 1)/(-3). Suppose 2*p + 3*x - 1 = 2, z = -2*p + 2*x + 18. What is the remainder when 16 is divided by p?
4
Suppose 5*i = 3*i + 56. Let k be 22/5 + (-4)/10. Let t = k + i. Calculate the remainder when t is divided by 11.
10
Suppose -5*b = 3*k - 51, 4*k - 4*b - 46 = -10. Suppose 0 - k = -w. What is the remainder when 46 is divided by w?
10
Let j(t) = t**2 + 12*t + 40. Calculate the remainder when 7 is divided by j(-5).
2
Let b(w) = 5*w - 4. Let i be b(4). Let r = -1 - -11. Let j = i - r. What is the remainder when 11 is divided by j?
5
Let v = -61 - -91. Calculate the remainder when v is divided by 8.
6
Suppose -5*u + 17 = 2. Calculate the remainder when 30 is divided by u.
0
Let y(k) = k**3 + 3*k**2 + k. Let c be y(-2). Suppose -3*u + c*u = -17. Calculate the remainder when u is divided by 6.
5
Suppose -2*q + 836 = 9*q. What is the remainder when q is divided by 26?
24
Let v(m) = 13*m**2 + 7*m + 17. What is the remainder when v(-4) is divided by 50?
47
Let s = 12 - 7. Suppose -5*q + 2*q = -42. What is the remainder when q is divided by s?
4
Suppose -14 = -2*p - 3*g, -4*p - 4*g + 36 = 4. Suppose -3*h + 164 = -2*x, -96 = -2*h + 3*x + p. What is the remainder when h is divided by 19?
18
Suppose 0*y = 2*y - 18. Suppose -y = -t - 3. Suppose 5*z - 4*b = z + 84, -56 = -4*z - 3*b. Calculate the remainder when z is divided by t.
5
Let s = 3 + 2. Suppose 0 = s*f - 3 - 2, -4*h + 2*f + 14 = 0. What is the remainder when h is divided by 2?
0
Let s = -5 + 7. Suppose 0 = s*d + 22 + 8. Let t = 34 + d. Calculate the remainder when t is divided by 10.
9
What is the remainder when (-86)/6*-3 - 2 is divided by 1*(-5)/(10/(-28))?
13
Let k(x) = -5*x + 100. Calculate the remainder when k(6) is divided by (2*10 - -2) + 2.
22
What is the remainder when 24 is divided by ((-2)/(-6) - 1)/(24/(-324))?
6
Suppose 0 = -2*n + 9 + 3. Suppose -x - n = -3*x. What is the remainder when x is divided by (-6 + 8)/(1 + 0)?
1
Suppose -231 = -6*o - o. Calculate the remainder when 162 is divided by o.
30
Suppose z + 1 = 31. What is the remainder when 58 is divided by z?
28
Suppose 6*j + 0 - 12 = 0. Let x = 4 - 2. Suppose 4*w - w - 25 = -4*g, -j = x*w. What is the remainder when 13 is divided by g?
6
Let j(o) = -o**2 - 7*o - 4. Let l be j(-6). Suppose 3*d - 63 = l*d. Suppose 5*r - 22 - d = 0. What is the remainder when r is divided by 9?
8
Let n(g) = g + 0*g - 9 + 0. Let z be n(8). Let t = 1 - z. Calculate the remainder when 5 is divided by t.
1
Let o(u) = -u**3 - 10*u**2 + 8. Let z(f) = f**3 - 4*f**2 + 5*f - 5. What is the remainder when z(4) is divided by o(-10)?
7
Suppose 574 = 2*y + 102. Suppose 5*t = d + y + 428, 4 = -d. Suppose 4*x - 16 = t. What is the remainder when x is divided by 13?
11
What is the remainder when ((-13)/26)/((-2)/244) is divided by 21 - (-1 - -1 - 0)?
19
Suppose -5*x + 2 = -3*w - 1, 0 = 5*x + 4*w - 31. Suppose 22 = z - x. Calculate the remainder when z is divided by 14.
11
Let s(z) = -2*z**3 - 6*z**2 + z + 5. Let c = 4 - 9. Let q = c + 1. What is the remainder when s(q) is divided by 12?
9
Suppose -5*o - 6*q + 106 = -2*q, 2*o + 3*q = 41. What is the remainder when 84 is divided by o?
18
Suppose -x + 5*x = 124. Suppose 22*p = 10*p + 204. What is the remainder when x is divided by p?
14
Suppose 3*s - 149 = -b, -5*s = 2*b - 50 - 200. Calculate the remainder when s is divided by 10.
8
Let x = -8 + 10. Calculate the remainder when 3*(x + 21/9) is divided by 5.
3
Suppose -2*b + 28 = -0*b + 2*g, -4*g - 46 = -2*b. What is the remainder when 47 is divided by b?
13
Suppose -28*z + 528 = -25*z. Calculate the remainder when z is divided by 36.
32
Let o(y) be the first derivative of -y**2/2 + 5*y - 2. Let x be o(0). Suppose 4*l = -x*b + 103, 0 = 2*b - 6 + 16. What is the remainder when l is divided by 11?
10
Let m be (-325)/(-4) - (-14)/(-56). Suppose -2*f + m = 5*n - 10, -f + n = -56. What is the remainder when f is divided by 14?
11
Let y(s) = -11*s**3 + 2*s. Let r be (-18)/12 - (-1)/(-2). What is the remainder when y(r) is divided by 29?
26
Let g(q) = q**2 + q - 7. What is the remainder when 174 is divided by g(6)?
34
Let a(g) = 26*g**2 + 2*g + 6. Let r(m) = 9*m**2 + m + 2. Let v(s) = -2*a(s) + 7*r(s). What is the remainder when v(-2) is divided by 14?
12
Let l be (1548/14)/((-15)/(-70)). What is the remainder when 14/91 - l/(-26) is divided by 12?
8
Let h = 5 - 5. Suppose h = -3*f - 5*a - 5, 0 = -f - 0*f + 3*a - 11. Let n = 10 + f. What is the remainder when n is divided by 2?
1
Suppose 4*w + 0*y = -y - 12, -y = 0. Let t(j) = -3*j**3 - 3*j**2 + 4*j + 2. Calculate the remainder when t(w) is divided by 15.
14
Let m(o) = -o**2 + 4*o + 7. Let g be m(5). Suppose -g*h = -17 - 41. Let t(d) = d**2 + d + 4. What is the remainder when h is divided by t(-4)?
13
Let i = 47 + -34. Suppose -5*z + 4*z - 5*q = i, -4*q = -3*z + 56. Calculate the remainder when 46 is divided by z.
10
Let f(i) = -i**2 - 20*i + 8. Suppose 3*p - 2*j = 101, 5*p = 4*p - j + 37. Suppose -4*b + 25 = -p. What is the remainder when f(-18) is divided by b?
14
Let l(f) = 11*f + 8. Calculate the remainder when 39 is divided by l(0).
7
Suppose 4*w + w + 3*h - 173 = 0, 2*w - 2*h - 66 = 0. What is the remainder when w is divided by 9?
7
Let u be 1/1 - (30 + -3). Let g = u + 57. Let p(c) = c**2 - 7*c - 2. What is the remainder when g is divided by p(9)?
15
Let f(m) = -3*m - 9. What is the remainder when 43 - ((-1)/1 + 1) is divided by f(-8)?
13
Let s(z) = z**2 + 2*z. Let i be s(-3). Calculate the remainder when 1/((-1)/(-45)*i) is divided by 9.
6
Let y = -126 + 141. Calculate the remainder when y is divided by 8.
7
Let d = 140 - 122. Calculate the remainder when d is divided by 10.
8
What is the remainder when 88 is divided by (-2756)/(-117) - (-8)/18?
16
Let x = -13 + 10. Calculate the remainder when 2/x - (-406)/6 is divided by 17.
16
Let y = -10 - -20. Suppose -5 = n - 0, 5*z + 4*n + y = 0. Suppose -2*a - 213 = -5*v, 6*v - 167 = z*v + 5*a. Calculate the remainder when v is divided by 22.
21
Let b be ((-8)/10)/(12/(-1110)). Suppose 3*x - 1 - b = 0. What is the remainder when x is divided by 14?
11
Let o(u) = -u**2 - 7*u - 5. Let h(c) = 7*c**2 + 6*c + 2. Calculate the remainder when h(-2) is divided by o(-5).
3
Suppose 3*f = 4*a + 4, -3*a + 1 - 11 = -4*f. Let i(w) = 5*w**2 + 2*w - 1. Let c be i(3).